-5)/(40/6)). Let s(v) = 36195*v - 36189*v - 1 + 3*v**3 + 5*v**z - 4*v**3. What is s(6)?
-1
Suppose 0 = 4*h - 3*h - 11. Let n(w) = w**3 - 11*w**2 + 18*w + 25. Let a(v) = -2*v - 2. Let t(z) = -10*a(z) - n(z). Give t(h).
17
Let a(q) = -6*q**2 - 53*q. Suppose 4*m = -4*y - m - 16, -6*m + 33 = -y. Give a(y).
-9
Let r(f) = 2*f - 2. Let w(c) = 24*c - 91. Let b be w(4). Let x(a) = 13*a - 62. Let q be x(b). What is r(q)?
4
Let z be (4 + 111/(-12))/(6/16). Let s be z/(-8) - (-12)/48. Let l(h) = -h**2 + h - 2. Calculate l(s).
-4
Suppose 3*c + 4*k - 5 = 0, -4*k + 4 = 4*c - 4. Let p(r) = -r**2 + 15*r - 6. Let u(s) = s**2 - 17*s + 5. Let v(w) = c*u(w) + 4*p(w). What is v(6)?
9
Let x be (-222)/(-57) + -2 - (-25)/(-3800)*-16. Let r(p) = 29*p**2 - 3*p + 2. Calculate r(x).
112
Let k(h) = 25 + 2*h + 6*h - 5*h + h. Suppose -4*w + 5*m = 34, -3*w + 8*w + 32 = m. Let o be k(w). Let g(i) = -5*i**2 - 1. What is g(o)?
-6
Let m(q) = 3*q**2 - 4*q - 1. Let x(w) = -17*w**2 + 17*w + 18. Let i(j) = 6*m(j) + x(j). What is i(7)?
12
Let b(n) be the second derivative of -2*n**3/3 - 23*n**2/2 + 9*n + 29. Give b(-16).
41
Let p(w) = 16*w**3 - 30*w**2 + 44*w - 76. Let n(q) = -9*q**3 + 15*q**2 - 30*q + 38. Let s(x) = -7*n(x) - 4*p(x). Give s(17).
38
Let p(l) be the first derivative of 5/6*l**3 + 1/8*l**4 - 1/12*l**5 - l**2 + 1/120*l**6 - 12 + 0*l. Let m(z) be the second derivative of p(z). What is m(4)?
1
Let o(k) be the third derivative of 256*k + 0*k**3 + 11/24*k**4 + k**2 + 0. Determine o(3).
33
Let t(s) = 3*s**2 - 87*s + 621. Let u be t(17). Let j(c) = -c**2 - 8. What is j(u)?
-89
Let w(g) = -4*g**2 + 13*g - 17. Let t be 9 + 0 + (-38)/8 + 1/(-4). Give w(t).
-29
Let h = 32 - 28. Suppose -3*k + h*r - 4 = 2*r, 0 = -2*k + 4*r + 8. Let b(a) be the second derivative of a**4/12 + a**3/6 - a**2/2 + 2*a. What is b(k)?
11
Suppose 0 = -62*c + 49*c - 559. Suppose -5*j + 4*f + 133 = -2*j, -3*j + 113 = f. Let z = c + j. Let o(s) = s**2 + 7*s + 6. Give o(z).
-6
Let p = 3 - 169. Let o = p + 163. Let b(h) = h**2 + 6*h - 1. Calculate b(o).
-10
Let v(j) = -2*j**2 + j - 1. Let m(x) = -10*x**2 - x. Let g(i) = m(i) - 2*v(i). Determine g(1).
-7
Suppose 0 = -2*w - 4*k + 2, 4*k = -w - 3*w + 12. Suppose 0*v - 95 = -w*v. Suppose 10*a - 81 = v. Let x(b) = -b + 22. Give x(a).
12
Let m(j) = -5*j**2 - 3*j - 2. Let v(s) = -99*s - 3 + 3 + 96*s + 4. Let r be v(-14). Let i = 44 - r. Give m(i).
-16
Let i(j) = -16*j + 80. Suppose 18*z + 109 = -5*w + 36, 44 = 2*w - 5*z. Determine i(w).
-32
Let d(u) = 10 - u + u - 4*u. Let v(l) = -3179*l - 22250. Let z be v(-7). Determine d(z).
-2
Let h(v) = -16*v**2 + 22*v + 26. Let q(x) = -6*x**2 + 7*x + 8. Let a(n) = 4*h(n) - 11*q(n). Determine a(-6).
22
Let t(n) = 6*n**2 - 6*n - 5. Let z(r) = 7*r**2 - 6*r - 6. Suppose p + 7*p = 208. Suppose 5*l - 4 = p. Let f(i) = l*t(i) - 5*z(i). Give f(5).
-5
Suppose 0 = 4*c + h - 225, -57*c + 3*h = -61*c + 235. Suppose 5*r - c = -4*v, 4*v + 4*r - 13 = 43. Let n(z) = -z + 22. Give n(v).
7
Let a(k) = -20*k**3 + 69*k - 7*k + 21*k**3 + 21*k**2 + 5*k - 15. Calculate a(-17).
2
Let s(k) = -3*k**2 + 24*k - 17. Let c(t) = 2*t**2 - 16*t + 11. Let w(g) = 8*c(g) + 5*s(g). Let u = -206 + 212. What is w(u)?
-9
Let v(x) be the third derivative of 1/3*x**4 - 1/60*x**5 + 0 + 8*x + 2*x**2 - 1/3*x**3. Let g(b) = -b**2 + 4*b + 12. Let i be g(5). Give v(i).
5
Let k(i) = i**3 + 6*i**2 - 10*i - 6. Let s = -38 - -41. Let g(y) = -11*y + 26. Let o be g(s). Determine k(o).
15
Let a(c) = -c**2 + 9*c + 5. Let d(l) = -l**3 + 11*l**2 + 14. Let p be d(11). Let m(z) = z - 23. Let r be m(p). Let g(y) = -y + 1. Let w be g(r). Calculate a(w).
-5
Let f(m) = m**3 - 16*m**2 + m - 16. Let b be f(16). Suppose 4*t + 8 = 4*y, -3*t + y + 4 + b = 0. Let a(h) = t - 3*h + 11*h - 4*h - 3*h. Give a(7).
10
Let m(z) be the first derivative of z**4/4 - 17*z**3/3 + 51*z**2/2 + 43*z + 4507. Give m(13).
30
Let a(c) = -c**2 - 68*c + 626. Let z be a(-76). Let k(j) = -8*j + 142. Determine k(z).
-2
Suppose 72 - 108 = -4*s. Suppose -s*o + 3*o - 30 = 0. Let j(q) = -q**3 - 7*q**2 - 7*q + 1. Calculate j(o).
-14
Let j(c) = 13*c - 74. Suppose -2*g - 9 = -3*o, 6*o = 3*g + 9*o - 39. Give j(g).
4
Let n(p) be the first derivative of p**2 + 5*p - 3. Suppose -464*a + 469*a + 30 = 0. What is n(a)?
-7
Let u be 1/(2/4) + -18. Let h be -10 + 34 + -14 - -14. Let v = u + h. Let a(z) = -2*z - 5. Give a(v).
-21
Let f(q) = -4 + q + 4*q**2 + 3*q**3 + 0*q + 4*q**3 + 1 - 6*q**3. Let n = -77 + 47. Let k = n - -26. Determine f(k).
-7
Let q(x) = -x**3 + 7*x**2 + 30*x + 8. Let w(t) = t**3 + 40*t**2 - 129*t + 10. Let j be w(3). Give q(j).
8
Suppose -225*x - 105 = 148*x + 1760. Let s(d) = -17*d + 12. Give s(x).
97
Let b(j) = 4*j**3 - 8*j**2 - 2*j - 5. Let g(d) = -11*d**3 + 23*d**2 + 6*d + 14. Let k(p) = 8*b(p) + 3*g(p). Determine k(6).
-22
Suppose 18 = 6*r - 0. Let x be (-5)/r*126/(-35). Let y be (-3)/2*(-4)/x. Let v(b) = 17*b**2 - b + 1. Determine v(y).
17
Let b(m) = 448*m + 2241. Let l be b(-5). Let w(q) = 3*q**2 - 8*q + 8. Calculate w(l).
3
Let u(o) = -57*o**2 + 48*o - 124. Let s(x) = -23*x**2 + 24*x - 63. Let a(l) = -5*s(l) + 2*u(l). Give a(21).
4
Let a be 5 + 3 + 6*(-1)/3. Let d(q) = 4*q - 8. Determine d(a).
16
Let d be 14/8 - (-1)/4. Suppose 2*m + r + 14 + 1 = 0, 0 = -d*m - 2*r - 12. Let n(y) be the first derivative of y**3/3 + 4*y**2 - 2*y + 15224. What is n(m)?
7
Let c(x) = 4*x - 1 + 1. Let t(k) be the second derivative of -k**4/3 - 17*k**3/6 + 7*k**2 - 51*k. Let o be t(-5). What is c(o)?
-4
Let r = -245 + 259. Let s(d) = 23 - 30 - r*d + 3*d + 10*d. Give s(-8).
1
Let t(q) = 3*q - 21. Let d(u) = -2*u + 22. Let j(b) = -4*d(b) - 3*t(b). Let c be j(-23). Let o(g) = -9*g + 3 + 2 - 6. Give o(c).
17
Suppose 1067*a - 1060*a = 21. Let m(b) = -6*b + 7*b**3 + a - 6*b - 2*b + 0*b + 16*b. What is m(-1)?
-6
Let f(r) = -1357*r**2 - 12 + 21 + 16 + 1358*r**2 + 0*r + 24*r. Calculate f(-22).
-19
Let t(r) = r**3 - 7*r**2 - 12*r + 20. Let h(z) = 10*z**2 + 15*z - 17. Let s be h(1). Determine t(s).
-12
Let z(n) = 110*n + 1434. Let b(m) = -22*m - 273. Let s(k) = -22*b(k) - 4*z(k). Determine s(-6).
6
Let b(c) = 4*c + 1. Suppose 0 = -3*n + 15, -n = -5*x + 3*x + 1. Let y be -4 + 40/x - (-3)/(-9). Suppose 3*t + 12 = y*t. Calculate b(t).
9
Let j(b) = b**3 + b + 3. Let h(l) = 2*l**3 + 3*l**2 + 10*l + 19. Suppose 11*x + 17 = 12*x - 4*a, 5*a = -5*x - 40. Let k(c) = x*j(c) + h(c). Determine k(5).
-5
Let q(n) = 13*n - 47 - 35 - 20*n + 146 + 33. Calculate q(15).
-8
Let w(r) = r**3 - 3*r**2 - 4*r + 2. Let t be w(4). Let j be (-18)/(-15)*10/t. Let z(p) = -p**2 - p**2 - 3*p**2 + 1 + j*p**2 - 5*p. Calculate z(5).
1
Suppose -14 - 10 = -3*q + 4*j, 0 = -q - 5*j - 11. Let v(a) be the second derivative of -3*a - 5*a**2 + 0 + 3/2*a**3 - 1/20*a**5 + 7/12*a**q. Calculate v(8).
-2
Let l(r) = -1. Let v(m) = m + 11. Let q(o) = -2*l(o) - v(o). Let f be (-88)/7 + 6/(-14). Determine q(f).
4
Let w be 5*(1072/(-1876))/(-1*2/(-14)). Let i(j) = j + 2. Give i(w).
-18
Let q(x) = 3*x**3 - 4*x**2 - 5*x + 9. Let o(m) = -4*m**3 + 4*m**2 + 6*m - 10. Let n(h) = 2*o(h) + 3*q(h). Let g = 11355 - 11351. Calculate n(g).
-5
Let v(m) = 42*m - 30 - 159*m + 119*m. What is v(12)?
-6
Let q(z) = -z**3 - 17*z**2 - 8*z + 12. Let r be q(-7). Let t = -422 - r. Let p(h) = h**2 - 21. Determine p(t).
-21
Let w(s) = -29*s - 2171. Let x be w(-75). Let i(g) be the second derivative of -g**4/12 + g**3/2 + 3*g. Determine i(x).
-4
Suppose 0 = x - 16*x - 15. Let y(h) = -65 + 68 + 0*h + 10*h - 3*h. Give y(x).
-4
Suppose -23*t - 266 = t + 14*t. Let x(i) = -i**2 - 31*i - 173. Give x(t).
-5
Let p(t) = -t**3 + t**2 + t - 24. Let f(u) = u**2 - 26*u + 34. Let m be f(23). Let s = m + 133. Let a = s - 98. Determine p(a).
-24
Let i(u) be the second derivative of 4*u**3/3 - 5*u**2 + 2191*u. Calculate i(1).
-2
Let z(s) = 202 - 596 - 5*s + 104 + 30. What is z(-53)?
5
Let q(v) = -v**2 - v + 1. Let d = -315 - -319. Give q(d).
-19
Let m(o) = 24*o**2 + 7*o + 1. Let i(p) = -19*p**2 - 5*p. Let n(b) = -3*i(b) - 2*m(b). Give n(1).
8
Let u(b) = 5*b - 4. Let a(c) = -15*c + 11. Let z(f) = 6*a(f) + 17*u(f). Let j(p) = -p. Let m(v) = -4*j(v) + z(v). Suppose 2*o - 17 - 6 = -35. Give m(o).
4
Let d(q) be the third derivative of q**4/8 + 20*q**3/3 - 3*q**2 + 50*q. Let g(i) = 2*i + 21. Let k(m) = 3*d(m) - 5*g(m). What is k(10)?
5
Let y(g)